b(0). Suppose c*d - 145 = -51. What is the remainder when d is divided by 12?
11
Let w(a) = -a**3 - 23*a**2 + 48*a - 32. Suppose 0 = 3*l - 4*d - 25, 4*l + 2*d - 5 = 3*l. What is the remainder when w(-25) is divided by l?
4
Let m(b) = -7*b - 2*b**2 + 1 + 2*b**2 + 3*b**2 - b**2. Let w(f) = 3*f**3 - f**2 - f - 1. Calculate the remainder when m(7) is divided by w(2).
16
Let b = -27 + 45. What is the remainder when b is divided by 7?
4
Let t = 192 + -87. What is the remainder when t is divided by 28?
21
Let i = 50 + -20. Calculate the remainder when i is divided by 16.
14
Calculate the remainder when 164 is divided by 32/6*(-36)/(-8).
20
Suppose 0 = -2*f - 3*l + 14, -8*f = -4*f + 2*l - 44. Calculate the remainder when 51 is divided by f.
12
What is the remainder when ((-18)/5)/((-8)/20) is divided by 5?
4
Let n(y) = y + 11. What is the remainder when n(12) is divided by 8?
7
Let a = -15 + 24. Calculate the remainder when 13 is divided by a.
4
Let c be (-20)/3*117/(-26). Let f = -18 + c. What is the remainder when 45 is divided by f?
9
Let a(w) = -w**3 - 8*w**2 - w - 4. Suppose -u - 3*u = 32. What is the remainder when 5 is divided by a(u)?
1
Suppose -4*u + 100 = -v, 4*u + 2*v = v + 92. Calculate the remainder when (-210)/(-9)*(3 - 0) is divided by u.
22
Let o(q) = q**2 + 12*q + 2. Calculate the remainder when 42 is divided by o(-13).
12
Let t = 2 + -1. Calculate the remainder when 1 is divided by t.
0
Let n = 115 + -68. Suppose -7*c = -10*c + 48. What is the remainder when n is divided by c?
15
Let i = -6 + 22. Calculate the remainder when 46 is divided by i.
14
Suppose 4*v - 14 = -b + 13, -5*b + 2*v = -47. What is the remainder when 43 is divided by b?
10
Let u = 2 - 2. Suppose u = 3*c - 4*c + 14. Let s(g) = -9*g + 8. Calculate the remainder when c is divided by s(0).
6
Suppose 2*i + 2*i = -12, -27 = -f + 3*i. Calculate the remainder when 52 is divided by f.
16
Suppose 57 = 4*s + 17. Suppose -4*q = -0*q + 28. Calculate the remainder when s is divided by 2 - 1 - 2 - q.
4
Let z(u) be the third derivative of u**5/60 - u**4/8 + 2*u**3/3 - 5*u**2. What is the remainder when z(7) is divided by 17?
15
Suppose 7*q - 4*q = 5*d + 112, -4*q - 2*d + 158 = 0. Suppose 0 = -9*c + 65 + 124. What is the remainder when q is divided by c?
18
Let o(g) = g**3 - 8*g**2 + 12*g - 13. What is the remainder when o(8) is divided by 21?
20
Suppose 4*n + 0*f - 251 = -f, 68 = n + 2*f. Calculate the remainder when n is divided by 16.
14
What is the remainder when 122 is divided by ((-75)/9)/((-1)/3)?
22
Suppose 3*x - 24 - 21 = 0. Calculate the remainder when 44 is divided by x.
14
Calculate the remainder when 31 is divided by 2 - (2 - 51/3).
14
What is the remainder when 43 is divided by -25*3/(-15)*3?
13
Let x(p) = -p**2 - 12*p - 3. What is the remainder when 29 is divided by x(-2)?
12
Let y be 18*((-12)/8 + 2). What is the remainder when 29 is divided by -3 - (-15 + y/(-3))?
14
Suppose -43*s + 47*s - 108 = 0. Calculate the remainder when s is divided by 16.
11
Let u(t) = -3*t + 3. Let s be u(3). Let c be (-2)/(-3) + (-134)/s. Let j = -13 + c. Calculate the remainder when 18 is divided by j.
8
Suppose -5*a + 585 = 5*s, 0*a - 5*a = s - 125. Calculate the remainder when s is divided by 9.
7
Suppose 4*p - 2*t = -920, -p - p - 460 = 4*t. What is the remainder when 26 is divided by (-2)/(-13) + p/(-26)?
8
Suppose 0 = -i + p - 1 - 56, 4*i + 228 = 5*p. Let y = -19 - i. Suppose -2*j + 82 = 2*l + 3*l, 0 = -l + 5*j + y. What is the remainder when 34 is divided by l?
16
Let j = 53 + -18. Suppose -9 = 3*a - 4*a. What is the remainder when j is divided by a?
8
Suppose 2*k + 10 = 2. Let h = 20 - k. What is the remainder when 70 is divided by h?
22
Suppose -4*a + a + 9 = 0. Suppose -5*v = -5*w - 170, -v + a*w + 2 + 42 = 0. What is the remainder when 86 is divided by v?
28
Let j = 118 + -110. What is the remainder when 38 is divided by j?
6
Suppose -a = -q, 2*q + 0*q - a = 2. Suppose 0 = -3*d - q*d + 45. What is the remainder when d is divided by 3?
0
Suppose 5*o = -4*w + 6, -4*o - 36 = -5*w - 8. Suppose 3*k - 58 = -4*p + 2*k, 3*p - 5*k = 32. Let f = p + -8. What is the remainder when f is divided by w?
2
Let i = 6 + -2. Suppose -4*s + 52 = -i*y, -s + 0*s + 3*y = -19. What is the remainder when 19 - (0/(-1))/1 is divided by s?
9
Let l be 2 + -4 - -9 - 1. Let k = l + 20. What is the remainder when k is divided by 14?
12
Suppose 2*l + 3*p - 75 = -2*l, -2*p = l - 15. What is the remainder when l is divided by 13?
8
Suppose y + 966 = 6*y + 4*c, 0 = -4*y - 2*c + 774. Let s be 2/(-5) + y/10. Suppose -2*z = -z - s. Calculate the remainder when z is divided by 10.
9
Suppose 6 = 4*a - 10, 4*g + 36 = a. Let q(m) = -m - 14. Let p be q(0). Let r = g - p. Calculate the remainder when 10 is divided by r.
4
Let x = 3 + 21. Let q = x - -9. Calculate the remainder when q is divided by 9.
6
Suppose 5*f = -0*f + 90. Suppose 3*k + p = 49 + 61, k - 40 = -p. What is the remainder when k is divided by f?
17
Let c(y) = -3 - y**2 + 2 + 5*y + 8. Let f = -11 - -16. Calculate the remainder when c(f) is divided by 3.
1
Suppose -s = 5*u - 14, -u - 3*s + 16 - 2 = 0. Calculate the remainder when 4/(-6) + (-69)/(-9) is divided by u.
1
Let w = -3 - -6. Suppose -1 = 4*t + 3, w*u = 2*t + 53. Let o(c) = 8*c + 217. Calculate the remainder when o(-23) is divided by u.
16
What is the remainder when 140 is divided by 8/(4/(-2)) + 52?
44
Let l be (-7 + 11)/((-1)/(-1)). Suppose -2*h + t + 53 = 0, 0 = l*h - t - 0*t - 109. What is the remainder when h is divided by 10?
8
Let p = 16 - -8. Suppose 3*u - p = -u. Suppose -2*k - u = -34. What is the remainder when 40 is divided by k?
12
Let w = 11 + 3. Let n = w + -10. What is the remainder when 10 is divided by n?
2
Let w be (-5)/20 - (-1145)/4. Suppose w = 5*i + n, n + 48 = 4*i - 179. What is the remainder when i is divided by 15?
12
Suppose -4*c - 936 = -4*p, -3*p = -7*p - c + 956. Suppose 26 = 2*a - 2*q - 122, 5*q = -3*a + p. What is the remainder when a is divided by 26?
24
Suppose 3*u - 6 = u, -c + 22 = 3*u. What is the remainder when 61 is divided by c?
9
Let s = 59 - 5. Calculate the remainder when s is divided by 28.
26
Let g be 1108/44 + (-2)/11. Let y = g - -20. What is the remainder when y is divided by 12?
9
Let p(u) = u**2 - 8*u + 10. Let i(y) = -y**2 - 8*y + 8. Let c be i(-8). Calculate the remainder when 37 is divided by p(c).
7
Let k(n) = 2*n**2 + 7*n + 18. Calculate the remainder when 64 is divided by k(-4).
20
Let g = 11 - 8. What is the remainder when ((-22)/g)/((-16)/72) is divided by 12?
9
Suppose 2*y = 169 - 19. Let l be (1 + 7)/((-4)/(-8)). Let c = y - l. Calculate the remainder when c is divided by 20.
19
Calculate the remainder when 39 is divided by (-518)/(-63) + (-6)/27.
7
Let h(c) be the second derivative of -c**3/6 + 3*c**2 - c. Calculate the remainder when h(-7) is divided by 7.
6
Let q = -5 + 19. Calculate the remainder when 52 is divided by q.
10
Let r = 146 + -127. Let w(i) = i**2 - i + 37. Calculate the remainder when w(0) is divided by r.
18
Let k = 65 - -19. What is the remainder when k is divided by 22?
18
Suppose j = -4*k - j + 52, -5*k + 2*j + 83 = 0. What is the remainder when 44 is divided by k?
14
Suppose h - v = 2*v + 41, 0 = 4*h - v - 164. Calculate the remainder when h is divided by (-4)/((-8)/30) + -1.
13
Suppose -3*j + 285 = 2*j. Suppose -w + 7 + j = 0. Calculate the remainder when w is divided by 4/2*22/2.
20
Let c(w) = -w**3 + 7*w**2 + 4*w + 2. Let n be c(4). Suppose 4*m - m = n. Calculate the remainder when m is divided by (-2)/(-1 - 9/(-12)).
6
Let r(m) = -m**2 - 7*m - 2. Let l be r(-7). Suppose 5 = p, 4*p = -0*w - 3*w + 32. Let d = l + w. What is the remainder when d is divided by 2?
0
Suppose 0*b - 2*b = -8. Let l(o) = -o - 3. Let f be l(-6). Suppose f*x = -b*g - 2*x + 31, -g + x + 19 = 0. What is the remainder when g is divided by 5?
4
Let a(v) = 6*v - 4. Calculate the remainder when a(3) is divided by (4*3)/(3/2).
6
Let i(z) = z**2 + 20*z + 42. Calculate the remainder when 8 is divided by i(-18).
2
Suppose 4 - 2 = w, -w - 358 = -5*r. Calculate the remainder when r is divided by 25.
22
Let a = 43 + -40. What is the remainder when a is divided by 10/2*(-2)/(-5)?
1
Suppose -3*p = -d + 49, -2*p = -2*d + p + 83. Suppose 0 = 5*a + 2*v - 